 factors of f.
7, 43, 109
Suppose -28*z + 7*z = -5*z - 621312. List the prime factors of z.
2, 3, 809
Let z(k) = 6*k**2 - 7*k - 84. Let y be 25/5 + -7 - 12. What are the prime factors of z(y)?
2, 5, 7, 17
Suppose 200*g - g + 162*g - 6239885 = 0. List the prime factors of g.
5, 3457
Let z = -9877 + 16901. List the prime factors of z.
2, 439
Suppose 14*x + 116172 = 26*x + 51*x. What are the prime factors of x?
2, 461
Let l(k) = 256*k - 78. Let t(d) = -85*d + 26. Let q(b) = 3*l(b) + 8*t(b). List the prime factors of q(9).
2, 383
Let t(p) = 1230*p**2 + 6*p - 43. What are the prime factors of t(4)?
19661
Let y(g) = 4*g**2 - 16*g - 18. Let h(w) = 11*w**2 - 48*w - 52. Let l(d) = -3*h(d) + 8*y(d). Let z = 1 + 11. What are the prime factors of l(z)?
2, 3, 5
Let h be 282/42 - (-1 - (-10)/14). Suppose 10*t - 1530 = -h*t. What are the prime factors of t?
2, 3, 5
What are the prime factors of (-18)/432*9 - 91587/(-8)?
2, 3, 53
Suppose -1380 = 52*y - 46*y. Let k = 278 + y. List the prime factors of k.
2, 3
Let q(w) = -129*w - 69. Let h be q(-8). Suppose g + 2*d - 132 = 816, 0 = -g + d + h. What are the prime factors of g?
2, 479
Suppose 1430 = 2*k + 4*m, -92*k + 96*k - 4*m = 2908. List the prime factors of k.
3, 241
Let n(h) be the third derivative of -h**6/60 - h**5/20 + h**3/6 + 4*h**2. Let b be n(-2). Let g(m) = 3*m**2 - 6*m + 10. List the prime factors of g(b).
5, 11
Let v = 43188 - 23970. List the prime factors of v.
2, 3, 3203
Suppose -5*x - 9 = -14*x. Let q be x/5 - 144/(-30). Suppose -q*o - 7*j = -3*j - 126, -4*o + 80 = -2*j. What are the prime factors of o?
2, 11
Suppose 26*k - 75 = 29. Suppose 4*d = i + 6164, -i - 8 = -k. List the prime factors of d.
2, 5, 7, 11
Let s(y) = -2*y + 2. Let x(v) = -22*v + 34. Let n(h) = -20*s(h) + 2*x(h). Let c be (3/9)/((-1)/51). List the prime factors of n(c).
2, 3
Let c(k) = 8*k**3 - 6*k**2 - 5*k + 7. Let h(t) = t**2 + 3*t - 12. Let x be h(-6). What are the prime factors of c(x)?
1489
Let j(m) = -m**2 - 25*m. Let z be j(-8). Suppose -2*n - 4*a + 74 = 0, 4*n + 13*a = 8*a + z. List the prime factors of n.
29
Suppose -16*w + 8*w = -328. Let f = 39 - w. List the prime factors of f/11 - 60275/(-275).
3, 73
Let q(v) = 19*v**2 + 3*v - 2. Let c be q(1). Let k be (-115)/c - (-3)/(-12). What are the prime factors of k/((-8)/(-4)) - (-130 + -2)?
3, 43
Suppose b = -4*n + 45, -4*b = -10*n + 13*n - 115. Suppose -35*y = -b*y - 15000. What are the prime factors of y?
2, 3, 5
Let y = 13026 - 12526. List the prime factors of y.
2, 5
Let f be (7 + -1)/(2 - (-2844)/(-1425)). Suppose -19*j = -13015 - f. What are the prime factors of j?
2, 5, 19
Suppose -1219116 - 674178 = -174*s. What are the prime factors of s?
3, 13, 31
Suppose -2*w + 45 - 1 = 0. Suppose -2*g - 35 = 97. Let m = w - g. What are the prime factors of m?
2, 11
Let r(n) = 1. Let c(s) = -2*s + 22. Let k(j) = -4*c(j) + 72*r(j). Let w = -177 + 194. What are the prime factors of k(w)?
2, 3, 5
Let p(a) = 155*a**2 + 16*a - 117. Let v be p(5). What are the prime factors of (-6)/(-4)*v/57?
101
Suppose 3*i + 12 = 5*i. Let l = 962 - 565. Suppose i*y - 95 = l. List the prime factors of y.
2, 41
Suppose -3*o - 21 = 5*x, -o - o + 12 = -x. List the prime factors of x - (214640/(-440) + 4/(-22)).
2, 241
List the prime factors of (-6188)/10*((-196365)/78)/53.
7, 13, 17, 19
Let d(y) = -16*y**3 - 9*y**2 - 61*y - 1. What are the prime factors of d(-10)?
23, 683
Let u(q) = q**3 - 32*q**2 - 46*q + 41. List the prime factors of u(41).
2, 3, 41
Suppose -4*g + 280 = 3*g. Suppose 0 = 2*d + 52 + g. Let j = 84 + d. List the prime factors of j.
2, 19
Let i(v) = -61*v - 37. Let q be i(8). Let r = -327 - q. List the prime factors of r.
2, 3, 11
Let l(a) = -12*a + 179*a + 7 - 7 + 11. Let c be l(5). List the prime factors of (c/27)/((-2)/(-9)).
3, 47
What are the prime factors of ((-1916682)/(-345) - -80)*(-10)/(1*-1)?
2, 73, 193
Let j(w) = 39*w - 94. Let l(a) = 79*a - 188. Let p(d) = 13*j(d) - 6*l(d). List the prime factors of p(14).
2, 23
Let p(u) = 2456*u + 8137. What are the prime factors of p(14)?
101, 421
Suppose -3*b + 76 = 35*b. Suppose w - 4*h = 442, -b*h + 1678 = 10*w - 6*w. List the prime factors of w.
2, 211
Let p be 40 - 35 - 0/1. Suppose -p*c = 233 - 1643. List the prime factors of c.
2, 3, 47
Suppose -12*v + 82488 + 73272 = 0. What are the prime factors of v?
2, 5, 11, 59
Let r = 46 - 250. Let v be (r/(-16) + -6)/((-2)/(-8)). Suppose v*k = 23*k + 272. What are the prime factors of k?
2, 17
Let u = -26744 - -50430. List the prime factors of u.
2, 13, 911
Let m = -53 + 66. Suppose -m*o + 15*o = 2126. What are the prime factors of o?
1063
Let a(y) be the third derivative of -5*y**4/8 + y**3/2 + 7*y**2. Let v be a(-12). Suppose 5*j = -4*r + 225, -5*j + 4*r = -2 - v. List the prime factors of j.
41
Let n be 1/(0 + -1) + 55. Suppose 5*i - 16*c + 17*c = 27, -4*i + 22 = c. Suppose -n = -i*b + 11. What are the prime factors of b?
13
Suppose 21*g - 379139 = -93083 + 279600. List the prime factors of g.
2, 7, 13, 37
Let r be 13/(-3) - -4 - (-3558)/9. Let h = r - -421. What are the prime factors of h?
2, 3, 17
Let y(a) = a**2 - a. Let w(m) = -49*m**3 + 3*m**2 + 5*m - 1. Let h(j) = w(j) + y(j). List the prime factors of h(-2).
3, 7, 19
Suppose 0 = 62*f + f - 16569. List the prime factors of f.
263
Suppose 18*z - 129 + 75 = 0. Suppose -792 = -z*y + 3*k, -3*y - k - 3*k + 820 = 0. What are the prime factors of y?
2, 67
Suppose 35844 = 5*d - c, -6*c = 4*d - 5*c - 28668. List the prime factors of d.
2, 7
Suppose -7*s + 669775 = 22*s - 331566. What are the prime factors of s?
11, 43, 73
Let i(o) = -3*o. Let h be i(-7). Let z be ((-3)/1 - -5) + -8. Let y = h - z. List the prime factors of y.
3
Let l(a) = a**3 + 10*a**2 + 9*a + 14. Let t be l(-6). Suppose 0 = -t*s + 103*s + 424. What are the prime factors of s?
2, 53
Let k = -20673 + 30782. List the prime factors of k.
11, 919
Suppose -10*q + 41691 + 3701 = -11558. What are the prime factors of q?
5, 17, 67
Let b(a) = a**3 + 8*a**2 - 9*a + 1. Let q be b(-9). What are the prime factors of -1 + (401 - q/(-1))?
401
Let u(w) = -111*w**2 + 5*w + 2. Let b be u(-3). Let n be b - (30/7 - (-18)/(-63)). What are the prime factors of n/(-5) - 6/30?
7, 29
Let n be (-2)/(-7) - (-1000)/175. What are the prime factors of 983 + 49/21 + 4/n?
2, 17, 29
Suppose -k = 2 - 4. Suppose 0 = 5*v - n + 8, -3*v + 4*n = k*n + 2. Let q = 98 + v. What are the prime factors of q?
2, 3
Let d(g) = -4*g + 35. Let f be 1/((-17)/8 + 2). Let o be d(f). Suppose j + o = 128. List the prime factors of j.
61
Let i(t) = t**2 - 5*t + 5. Let m be i(7). Let z = m - 16. What are the prime factors of (2 - -71)/(z - 2)?
73
Let a(z) = z**2 + 2*z - 32. Let j be a(5). Let g be (-4)/j*(1 - -8)/3. What are the prime factors of (-98)/(-2) - g - -2?
5, 11
Let t(q) = -1587*q - 29. Suppose 3*k - 17 = 2*y, 33*k - 8 = 3*y + 32*k. What are the prime factors of t(y)?
2, 19, 41
Suppose 56*p + 46449 = 69*p. Suppose -5*z + 5*g - 548 = -p, -1814 = -3*z + 2*g. What are the prime factors of z?
2, 151
Suppose 0 = 2*c + 192 - 80. List the prime factors of (-7)/c - 18174/(-16).
2, 71
Suppose 0 = 93*h - 2145447 - 254418. What are the prime factors of h?
5, 13, 397
Let x be (-146280)/(-35) + 3/(-7). Let l = 7392 - x. What are the prime factors of (l/(-6))/(-9) - (-2)/4?
2, 3, 5
Suppose 32*w - 10801 - 12545 = 31854. What are the prime factors of w?
3, 5, 23
Let m = 2050 - 1437. What are the prime factors of m + 5 + 1 + 2 + -1?
2, 5, 31
Let z(k) be the third derivative of 0 + 0*k - 1/30*k**5 + 0*k**3 - 1/8*k**4 - 16*k**2 - 1/40*k**6. What are the prime factors of z(-2)?
2, 11
Let r = 15 + -11. Let l be 3/r + (-33)/12. List the prime factors of (l - -17)*(-2 - 40/(-6)).
2, 5, 7
Suppose 30*v + 2485 = 4*o + 27*v, 615 = o - 2*v. Let a = -143 + o. What are the prime factors of a?
2, 241
Let v = 26 - 21. Let s be 4*((3 - v) + 7). Let u = 62 - s. List the prime factors of u.
2, 3, 7
Let d(v) = -25*v + 66. Let u(c) = 27*c - 67. Let f(x) = -4*d(x) - 3*u(x). What are the prime factors of f(13)?
2, 23
List the prime factors of 21415760/6328 + ((-32)/(-14))/(-1) + 2.
2, 3, 47
Suppose -294456 = -57*t + 102*t - 57*t. List the prime factors of t.
2, 12269
Let g = 3971 - -1854. List the prime factors of g.
5, 233
What are the prime factors of 